{"id":46,"date":"2021-11-22T00:04:10","date_gmt":"2021-11-22T00:04:10","guid":{"rendered":"https:\/\/skil.lu\/?page_id=46"},"modified":"2026-01-07T09:17:45","modified_gmt":"2026-01-07T09:17:45","slug":"info-de","status":"publish","type":"page","link":"https:\/\/skil.lu\/?page_id=46&lang=de","title":{"rendered":"Informationen"},"content":{"rendered":"\n<div style=\"height:30px\" aria-hidden=\"true\" class=\"wp-block-spacer\"><\/div>\n\n\n\n<h2 class=\"wp-block-heading\"><strong>Was versteht man unter SKI-L?<\/strong>  <\/h2>\n\n\n\n<p>Das Sch\u00fcler Kognitionsinventar \u2013 Luxemburg (SKI-L) wird jedes Jahr im Zyklus 4 im Rahmen der Orientierungsprozedur hinsichtlich des Wechsels von der Grundschule in die Sekundarschule angeboten (<a href=\"https:\/\/men.public.lu\/de\/systeme-educatif\/fondamental\/passage-enseignement-secondaire.html\" target=\"_blank\" rel=\"noreferrer noopener\">Proc\u00e9dure Passage Fondamental Secondaire &#8211; PFS<\/a>). Dieses kann in Kombination mit den schulischen Leistungen und den Ergebnissen der <a href=\"https:\/\/pfs.script.lu\/epreuves\/index.php\" target=\"_blank\" rel=\"noreferrer noopener\">\u00c9preuves communes<\/a> bei der Entscheidungsfindung hinsichtlich der Orientierung in die Sekundarschule hilfreich sein kann. Es misst logisches, rechnerisches und r\u00e4umliches Denken, sowie Ged\u00e4chtnis. Neben dem kognitiven Teil gibt es auch ein Selbsteinsch\u00e4tzungsbogen. Hier interessiert die Meinung des Kindes bezogen auf Schule und Lernen.<\/p>\n\n\n\n<figure class=\"wp-block-video\"><video height=\"1080\" style=\"aspect-ratio: 1920 \/ 1080;\" width=\"1920\" controls src=\"https:\/\/skil.lu\/wp-content\/uploads\/2025\/10\/Final-cut-1-DE-HD-1080p-1.mp4\"><\/video><\/figure>\n\n\n\n<hr class=\"wp-block-separator has-css-opacity\"\/>\n\n\n\n<h2 class=\"wp-block-heading\"><strong>Wieso wird SKI-L durchgef\u00fchrt?<\/strong><\/h2>\n\n\n\n<p>Anhand des SKI-L werden somit zus\u00e4tzlich zu den bereits bekannten Leistungen in den Schulf\u00e4chern, sprachfreie Informationen gewonnen, die mit zur Entscheidungsfindung innerhalb des Schulorientierungsprozesses beitragen k\u00f6nnen.<\/p>\n\n\n\n<hr class=\"wp-block-separator has-css-opacity\"\/>\n\n\n\n<h2 class=\"wp-block-heading\"><strong>Historischer Kontext<\/strong><\/h2>\n\n\n\n<p>Fr\u00fcher entschied eine einzige Aufnahmepr\u00fcfung \u00fcber die Orientierung nach der 6. Klasse der Grundschule. Seitdem wurde das Orientierungsverfahren um mehrere Elemente erweitert: ein Portfolio mit Produktionen der Sch\u00fclerinnen und Sch\u00fcler \u00fcber zwei Jahre, die Ergebnisse aus den schulischen Entwicklungs- und Lernberichten (<em>Bilan<\/em>), die Ergebnisse der gemeinsamen nationalen Tests (<em>\u00c9preuves communes<\/em>) und auf Entscheidung der Eltern auch die Ergebnisse der psychologischen Tests.<\/p>\n\n\n\n<p>Auch die psychologischen Tests haben sich \u00fcber die letzten 25 Jahren weiterentwickelt. Die aktuelle Version enstand in Zusammenarbeit mit der Universit\u00e4t Luxemburg, genauer gesagt mit dem <a href=\"https:\/\/www.uni.lu\/fhse-en\/research-groups\/luxembourg-centre-for-educational-testing-lucet\/\">Luxembourg Centre of Educational Testing (LUCET)<\/a>. Ziel ist es einen Einblick in die kognitive Leistung der Sch\u00fclerschaft zu geben ohne Sprache zu messen, ohne die schulischen Leistungs- und Lernniveaus zu ber\u00fccksichtigen.<\/p>\n\n\n\n<hr class=\"wp-block-separator has-css-opacity\"\/>\n\n\n\n<h2 class=\"wp-block-heading\"><strong>Inhalt der Tests<\/strong><\/h2>\n\n\n\n<p>Das SKI-L &#8211; Sch\u00fclerkognitionsinventar Luxemburg besteht aus zwei Hauptteilen:&nbsp;<\/p>\n\n\n\n<p class=\"1stpoint\" id=\"1stpoint\"><strong> 1.  <span class=\"tk-modal-link\" style=\"text-decoration: underline;\">Kognitive Tests<\/span><\/strong> mit 4 unterschiedlichen Dimensionen,<\/p>\n\n\n\n<p class=\"2ndpoint\"><strong> 2. <span class=\"tk-modal-link\" style=\"text-decoration: underline;\">Psychologische Selbsteinsch\u00e4tzung<\/span><\/strong> in Bezug auf 6 psychologische Dimensionen, die mit Schule und Lernen in Verbindung stehen.<\/p>\n\n\n\n<p>Die psychologischen Tests konzentrieren sich auf die Bewertung der Dimensionen, die f\u00fcr das Lernen im schulischen Kontext relevant sind, und erm\u00f6glichen ein Feedback zum Potenzial der Sch\u00fclerinnen und Sch\u00fcler sowie Empfehlungen, wie dieses Potenzial aktiviert und gef\u00f6rdert werden kann.<\/p>\n\n\n\n<div class=\"wp-block-bod-modal-block bod-block-popup align-center\"><span class=\"bod-block-popup-trigger type_selector\" data-selector=\"1stpoint\"><\/span><div style=\"background-color:rgba(0,0,0,0.2)\" class=\"bod-block-popup-overlay\" data-disabled-overlay-close=\"false\" data-disabled-escape-close=\"false\"><\/div><div role=\"dialog\" aria-modal=\"false\" aria-labelledby=\"\" aria-describedby=\"\" class=\"bod-block-popup-wrap undefined\"><div style=\"background-color:#ffffff;border-radius:4px \" class=\"bod-block-popup size-xl\" data-transition=\"fade\"><div id=\"\" style=\"background-color:rgba(150,38,142,1);padding:20px ;text-align:left\" class=\"bod-modal-title\"><h2 style=\"color:rgba(255,255,255,1);font-size:22px \"> Kognitive Tests mit 4 unterschiedlichen Dimensionen<\/h2><\/div> <div id=\"\" style=\"padding:30px \" class=\"bod-modal-content\">\n<p>Die kognitiven Tests messen folgende vier Dimensionen:<\/p>\n\n\n\n<p><strong>Logisches Denken<\/strong> \u2013 die F\u00e4higkeit Regelm\u00e4\u00dfigkeiten zu erkennen sowie Anpassungsf\u00e4higkeit an sich \u00e4ndernde Bedingungen<\/p>\n\n\n\n<p><strong>Numerisches Denken<\/strong> \u2013 die F\u00e4higkeit flexibel mit Zahlen zu arbeiten<\/p>\n\n\n\n<p><strong>R\u00e4umliches Denken<\/strong> \u2013 die F\u00e4higkeit sich im Raum zu orientieren und sich Objekte mental vorzustellen<\/p>\n\n\n\n<p><strong>Ged\u00e4chtnis<\/strong> \u2013 die F\u00e4higkeit sich eine Reihe erfundener W\u00f6rter zu merken und wiederzugeben (auditives Ged\u00e4chtnis) bzw. die F\u00e4higkeit sich Figuren visuell zu merken und diese wiederzuerkennen (visuelles Ged\u00e4chtnis) <\/p>\n\n\n\n<p style=\"font-size:14px\">\u24d8 Da das Ged\u00e4chtnis beim Lernen eine wichtige Rolle spielt, k\u00f6nnen verschiedene Mnemotechniken erlernt und angewendet werden, um das Lernen zu vereinfachen (&#8220;Ged\u00e4chtnis&#8221; eingeben als Schl\u00fcsselwort f\u00fcr eine Suche in der <a href=\"https:\/\/ssl.education.lu\/eduLibrary\/App\/b42a0038-a1fd-43d0-8d75-5dd7ab4552ab\/items\" target=\"_blank\" rel=\"noreferrer noopener\">CePAS edulibrary<\/a>).<\/p>\n<\/div> <\/div> <div class=\"bod-block-popup-closer\"><\/div><\/div><\/div>\n\n\n\n<div class=\"wp-block-bod-modal-block bod-block-popup align-center\"><span class=\"bod-block-popup-trigger type_selector\" data-selector=\"2ndpoint\"><\/span><div style=\"background-color:rgba(0,0,0,0.2)\" class=\"bod-block-popup-overlay\" data-disabled-overlay-close=\"false\" data-disabled-escape-close=\"false\"><\/div><div role=\"dialog\" aria-modal=\"false\" aria-labelledby=\"\" aria-describedby=\"\" class=\"bod-block-popup-wrap undefined\"><div style=\"background-color:#ffffff;border-radius:4px \" class=\"bod-block-popup size-xl\" data-transition=\"fade\"><div id=\"\" style=\"background-color:rgba(150,38,142,1);padding:20px ;text-align:left\" class=\"bod-modal-title\"><h2 style=\"color:rgba(255,255,255,1);font-size:22px \">Psychologische Selbsteinsch\u00e4tzung in Bezug auf 6 psychologische Dimensionen, die mit Schule und Lernen in Verbindung stehen<\/h2><\/div> <div id=\"\" style=\"padding:30px \" class=\"bod-modal-content\">\n<p>Beim psychologischen Selbsteinsch\u00e4tzungsfragebogen berichten die Sch\u00fclerinnen und Sch\u00fcler, wie sie sich im schulischen Kontext in Bezug auf 6 Dimensionen selbst wahrnehmen. Jede Dimension beinhaltet 5 bis 7 Aussagen, die die Sch\u00fclerinnen und Sch\u00fcler auf einer Skala von 1 bis 4 (stimme \u00fcberhaupt nicht zu &#8211; stimme nicht zu &#8211; stimme zu &#8211; stimme voll und ganz zu) bewerten k\u00f6nnen.<\/p>\n\n\n\n<p><strong>Kognitionsbed\u00fcrfnis<\/strong>&nbsp;&#8211;&nbsp;Freude am Nachdenken \u00fcber komplexe mentale Aufgaben, Informationsbed\u00fcrfnis, Einsch\u00e4tzung der eigenen kognitiven F\u00e4higkeiten<\/p>\n\n\n\n<p><strong>Selbstregulation<\/strong>&nbsp;\u2013 Selbstreguliertes Lernen gilt als wichtige Kompetenz im Hinblick auf erfolgreiches \u201eLebenslanges Lernen\u201c und umfasst die Zielsetzung, das Planen und die Umsetzung des Lernprozesses sowie Lernziele.<\/p>\n\n\n\n<p style=\"font-size:14px\">\u24d8\u00a0Die Selbstregulierungskompetenz kann mithilfe von Lernmethoden trainiert werden (&#8220;Lernen zu lernen&#8221; als Schl\u00fcsselwort eingeben f\u00fcr eine Suche in der\u00a0<a href=\"https:\/\/ssl.education.lu\/eduLibrary\/App\/b42a0038-a1fd-43d0-8d75-5dd7ab4552ab\/items\" target=\"_blank\" rel=\"noreferrer noopener\">CePAS edulibrary<\/a>\u00a0).<\/p>\n\n\n\n<p><strong>Selbstkonzept<\/strong>&nbsp;\u2013 Einsch\u00e4tzung der eigenen schulischen Leistungen im Vergleich zur Schulrealit\u00e4t (gut, mittelm\u00e4\u00dfig, nicht gut).&nbsp;<\/p>\n\n\n\n<p style=\"font-size:14px\">\u24d8&nbsp;Sch\u00fclerinnen und Sch\u00fcler, die streng mit sich selbst sind (Selbstbild &lt; Realit\u00e4t der Schulbilanz), zeigen eine gute Motivation, nehmen sich aber m\u00f6glicherweise keine Zeit, sich selbst zu loben und mit dem zufrieden zu sein, was sie erreicht haben. Bei Sch\u00fclerinnen und Sch\u00fclern, die glauben, gut abzuschneiden (Selbstbild &gt; Realit\u00e4t der Schulbilanz), erweist es sich hingegen als n\u00fctzlich, Anhaltspunkte f\u00fcr eine realistischere Selbsteinsch\u00e4tzung herauszustellen.<\/p>\n\n\n\n<p><strong>Gewissenhaftigkeit<\/strong>&nbsp;&#8211; guter Pr\u00e4diktor f\u00fcr Erfolg in Schule und im Beruf ,vergleichbar mit Organisationsf\u00e4higkeit, Zuverl\u00e4ssigkeit, Effizienz, Zielstrebigkeit und Arbeitsgenauigkeit<\/p>\n\n\n\n<p style=\"font-size:14px\">\u24d8&nbsp;Die Arbeit an Belohnungsstrategien in Verbindung mit Zielorientierung wird es erm\u00f6glichen, weniger gewissenhafte Gewohnheiten zu \u00e4ndern.<\/p>\n\n\n\n<p><strong>Stressresilienz<\/strong>&nbsp;\u2013 die F\u00e4higkeit pr\u00fcfungsbedingte Stresssituationen zu bew\u00e4ltigen&nbsp;&nbsp;<\/p>\n\n\n\n<p style=\"font-size:14px\">\u24d8&nbsp;Da Stress eine spontane, nat\u00fcrliche, kaskadenartige biologische und psychische Reaktion des Organismus auf seine Umwelt ist, kann man an ihm arbeiten, indem man verschiedene Methoden der Stressbew\u00e4ltigung trainiert.<\/p>\n\n\n\n<p><strong>Emotionale Stabilit\u00e4t<\/strong>&nbsp;\u2013 die F\u00e4higkeit mit verschiedenen Emotionen umzugehen<\/p>\n\n\n\n<p style=\"font-size:14px\">\u24d8&nbsp;Emotionen (positive und negative) spielen eine wichtige Rolle und erm\u00f6glichen es uns, unser Verhalten anzupassen. F\u00fcr die Sch\u00fclerinnen und Sch\u00fcler der 4.2., die sich der Phase der Adoleszenz n\u00e4hern, erweist es sich als n\u00fctzlich, einen guten Umgang mit Emotionen herstellen zu k\u00f6nnen, was dem Wohlbefinden und dem Lernen zugutekommt.<\/p>\n<\/div> <\/div> <div class=\"bod-block-popup-closer\"><\/div><\/div><\/div>\n\n\n\n<hr class=\"wp-block-separator has-css-opacity\"\/>\n\n\n\n<h2 class=\"wp-block-heading\"><strong>Testnachholung<\/strong><\/h2>\n\n\n\n<p>Wenn Ihr Kind an der SKI-L Testung in der Klasse nicht teilnehmen konnte, gibt es 2 M\u00f6glichkeiten.<\/p>\n\n\n\n<p>Kontaktieren Sie zuerst die Psychologin\/den Psychologen und\/oder die Lehrkraft der Klasse, um den Test in einer Parallelklasse innerhalb derselben Schule nachzuholen.<\/p>\n\n\n\n<p>Falls dies nicht umsetzbar ist, melden Sie das Kind (Ende Januar\/Anfang Februar) f\u00fcr eine regional organisierte <a href=\"https:\/\/forms.office.com\/pages\/responsepage.aspx?id=xQ4KNpTw8UWjGcbcNWAnBPkfvuIw9mFDu9grnuVFTehUQ1oyVEZVMVJQODhaUU1aR0g5VTA5WUdDTi4u\" target=\"_blank\" rel=\"noreferrer noopener\">Testnachholung<\/a> an.<\/p>\n\n\n\n<hr class=\"wp-block-separator has-css-opacity\"\/>\n\n\n\n<h2 class=\"wp-block-heading\"><strong>R\u00fcckmeldung der Ergebnisse<\/strong><\/h2>\n\n\n\n<p>Nachdem die Sch\u00fclerinnen und Sch\u00fcler an der SKI-L Testung teilgenommen haben, werden Berichte mit den individuellen Ergebnissen erstellt. Nach den Osterferien (beim 5. individuellen Austausch im Rahmen des Orientierungsprozedur im Zyklus 4) gibt die Klassenpsychologin\/der Klassenpsychologe den Eltern und Sch\u00fclerinnen\/Sch\u00fcler hierzu R\u00fcckmeldung.<\/p>\n\n\n\n<div class=\"wp-block-file\"><a id=\"wp-block-file--media-0c3d97e2-2c58-42ad-8845-023158deac9f\" href=\"https:\/\/skil.lu\/wp-content\/uploads\/2023\/04\/SKIL_ExampleFB_2023_DE.pdf\" target=\"_blank\" rel=\"noreferrer noopener\">Beispielbericht<\/a><\/div>\n\n\n\n<hr class=\"wp-block-separator has-css-opacity\"\/>\n\n\n\n<h2 class=\"wp-block-heading\"><strong>Unterst\u00fctzung durch psycho-sozial-p\u00e4dagogische Fachkr\u00e4fte<\/strong><\/h2>\n\n\n\n<p>In Bezug auf Stress- und Emotionsmanagement werden w\u00e4hrend bietet das CePAS \u2013 Centre psycho-social et d\u2019accompagnement scolaires spezifische <a href=\"https:\/\/cepas.public.lu\/fr\/espace-public\/soutien-et-accompagnement\/cente-de-consultations\/stress-less.html\" target=\"_blank\" rel=\"noreferrer noopener\">Workshops<\/a> an. Diese sollen es den Jugendlichen erm\u00f6glichen, in Vorbereitung auf die 7. Klasse ihr eigenes Gleichgewicht und Selbstvertrauen zu finden: Anmeldeantr\u00e4ge \u00fcber <a href=\"mailto:info@cepas.public.lu\">info@cepas.public.lu<\/a>.<\/p>\n\n\n\n<p>In den \u00f6ffentlichen Sekundarschulen bietet das Ministerium f\u00fcr nationale Bildung, Kindheit und Jugend (MENJE) eine professionelle Betreuung, an um Jugendliche und ihre Eltern in Fragen des Wohlbefindens w\u00e4hrend der Adoleszenz, bei besonderen Bed\u00fcrfnissen und bei der schulischen und beruflichen Orientierung zu unterst\u00fctzen und ihnen zu helfen:<\/p>\n\n\n\n<ul class=\"wp-block-list\">\n<li>SePAS \u2013 Service psycho-social et d\u2019accompagnement scolaires<\/li>\n\n\n\n<li>SSE \u2013 Service socio-\u00e9ducatif&nbsp;<\/li>\n\n\n\n<li>ESEB \u2013 Service pour \u00e9l\u00e8ves \u00e0 besoins sp\u00e9cifiques<\/li>\n\n\n\n<li>COI \u2013 Cellule d\u2019orientation et d\u2019int\u00e9gration scolaires<a id=\"_msocom_1\"><\/a><\/li>\n<\/ul>\n\n\n\n<hr class=\"wp-block-separator has-css-opacity\"\/>\n\n\n\n<h2 class=\"wp-block-heading\"><strong>Weitere Informationen zur schulischen Orientierung<\/strong><\/h2>\n\n\n\n<p>Im Luxemburg wird mehr als 50.000 Sch\u00fclern ein vielf\u00e4ltiges \u00f6ffentliches Angebot an Lyzeen und internationalen Schulen bereitgestellt. \u201eFroen zum Lyc\u00e9e\u201c <strong><a href=\"https:\/\/www.edulink.lu\/420y\">ist ein Podcast<\/a><\/strong> des Ministeriums f\u00fcr nationale Bildung, Kinder und Jugend, der Ihre Fragen zum \u00f6ffentlichen Sekundarschulwesen beantwortet! Die Podcasts sind auf Franz\u00f6sisch oder Luxemburgisch.<\/p>\n\n\n\n<hr class=\"wp-block-separator has-css-opacity\"\/>\n\n\n\n<h2 class=\"wp-block-heading\"><strong>Datenschutz<\/strong><\/h2>\n\n\n\n<p>Das <a href=\"https:\/\/www.uni.lu\/fhse-en\/research-groups\/luxembourg-centre-for-educational-testing-lucet\/\">LUCET<\/a> (Universit\u00e4t Luxemburg) ist verantwortlich f\u00fcr die Erstellung des SKI-L und die statistische Auswertung der Daten. Die Psychologinnen und Psychologen, die vom Ministerium f\u00fcr nationale Bildung, Kindheit und Jugend (MENJE) koordiniert werden, sind verantwortlich f\u00fcr die Durchf\u00fchrung der Testungen an den Schulen und die Beratung bez\u00fcglich der Schulorientierung.<\/p>\n\n\n\n<p>Gem\u00e4\u00df den Richtlinien der europ\u00e4ischen Datenschutz-Grundverordnung wird der Datenschutz durch ein Pseudonymisierungsverfahren gew\u00e4hrleistet. Alle Sch\u00fclerinnen und Sch\u00fcler erhalten f\u00fcr jeden Test einen einmalig zu verwendenden Zahlen- oder Buchstabencode. Dieser Code wird von der Universit\u00e4t f\u00fcr die Auswertung der Test- und Fragebogendaten verwendet ohne R\u00fcckschl\u00fcsse auf die Identit\u00e4t der Sch\u00fclerinnen und Sch\u00fcler zu ziehen. Nur die Klassenpsychologinnen und Klassenpsychologen k\u00f6nnen diesen Code den jeweiligen Sch\u00fclerinnen und Sch\u00fclern im Rahmen des Orientierungsprozesses zuordnen.&nbsp;<\/p>\n\n\n\n<hr class=\"wp-block-separator has-css-opacity\"\/>\n\n\n\n<h2 class=\"wp-block-heading\"><strong>Kontakte<\/strong><\/h2>\n\n\n\n<div class=\"wp-block-columns is-layout-flex wp-container-core-columns-is-layout-9d6595d7 wp-block-columns-is-layout-flex\">\n<div class=\"wp-block-column is-layout-flow wp-block-column-is-layout-flow\" style=\"flex-basis:50%\">\n<h4 class=\"wp-block-heading contact-title\"><strong>Universit\u00e9 du                                          Luxembourg<\/strong><\/h4>\n\n\n\n<p class=\"has-text-align-left\"><strong>LUCET<\/strong><br>Universit\u00e9 du Luxembourg <br>Maison des Sciences Humaines<br>11, Porte des Sciences<br>L-4366 Esch-sur-Alzette<\/p>\n\n\n\n<p class=\"has-text-align-left\"><a href=\"mailto:info@skil.lu\" target=\"_blank\" rel=\"noreferrer noopener\">info@skil.lu<\/a><\/p>\n\n\n\n<figure class=\"wp-block-image size-large is-resized\"><img loading=\"lazy\" decoding=\"async\" width=\"1024\" height=\"168\" src=\"https:\/\/skil.lu\/wp-content\/uploads\/2021\/11\/Logo_LUCET_external-1024x168.jpg\" alt=\"University of luxembourg Logo\" class=\"wp-image-86\" style=\"width:317px;height:auto\" srcset=\"https:\/\/skil.lu\/wp-content\/uploads\/2021\/11\/Logo_LUCET_external-1024x168.jpg 1024w, https:\/\/skil.lu\/wp-content\/uploads\/2021\/11\/Logo_LUCET_external-300x49.jpg 300w, https:\/\/skil.lu\/wp-content\/uploads\/2021\/11\/Logo_LUCET_external-768x126.jpg 768w, https:\/\/skil.lu\/wp-content\/uploads\/2021\/11\/Logo_LUCET_external-1536x251.jpg 1536w, https:\/\/skil.lu\/wp-content\/uploads\/2021\/11\/Logo_LUCET_external.jpg 1620w\" sizes=\"auto, (max-width: 1024px) 100vw, 1024px\" \/><\/figure>\n<\/div>\n\n\n\n<div class=\"wp-block-column is-layout-flow wp-block-column-is-layout-flow\" style=\"flex-basis:50%\">\n<h4 class=\"wp-block-heading contact-title\"><strong>Minist\u00e8re de l\u2019\u00c9ducation nationale, de l\u2019Enfance et de la Jeunesse<\/strong><\/h4>\n\n\n\n<p class=\"has-text-align-left\"><strong>Coordination nationale Passage Fondamental Secondaire (PFS) \u2013 volet psychologique<\/strong><br>Service de l\u2019Enseignement Fondamental<br>33, Rives de Clausen<br>L-2165 Luxembourg<\/p>\n\n\n\n<p class=\"has-text-align-left\"><a href=\"mailto:skil@men.lu\" target=\"_blank\" rel=\"noreferrer noopener\">skil@men.lu<\/a><\/p>\n\n\n\n<figure class=\"wp-block-image size-full is-resized\"><img loading=\"lazy\" decoding=\"async\" width=\"878\" height=\"220\" src=\"https:\/\/skil.lu\/wp-content\/uploads\/2025\/10\/GOUV_MENJE@2x.png\" alt=\"Minist\u00e8re de l'\u00c9ducation nationale, de l'Enfance et de la Jeunesse Logo\" class=\"wp-image-627\" style=\"width:300px\" srcset=\"https:\/\/skil.lu\/wp-content\/uploads\/2025\/10\/GOUV_MENJE@2x.png 878w, https:\/\/skil.lu\/wp-content\/uploads\/2025\/10\/GOUV_MENJE@2x-300x75.png 300w, https:\/\/skil.lu\/wp-content\/uploads\/2025\/10\/GOUV_MENJE@2x-768x192.png 768w\" sizes=\"auto, (max-width: 878px) 100vw, 878px\" \/><\/figure>\n\n\n\n<div class=\"wp-block-columns is-layout-flex wp-container-core-columns-is-layout-9d6595d7 wp-block-columns-is-layout-flex\">\n<div class=\"wp-block-column is-layout-flow wp-block-column-is-layout-flow\"><\/div>\n<\/div>\n<\/div>\n<\/div>\n","protected":false},"excerpt":{"rendered":"<p>Was versteht man unter SKI-L? Das Sch\u00fcler Kognitionsinventar \u2013 Luxemburg (SKI-L) wird jedes Jahr im Zyklus 4 im Rahmen der Orientierungsprozedur hinsichtlich des Wechsels von der Grundschule in die Sekundarschule angeboten (Proc\u00e9dure Passage Fondamental Secondaire &#8211; PFS). Dieses kann in Kombination mit den schulischen Leistungen und den Ergebnissen der \u00c9preuves communes bei der Entscheidungsfindung hinsichtlich&hellip;&nbsp;<a href=\"https:\/\/skil.lu\/?page_id=46&#038;lang=de\" rel=\"bookmark\">Read More &raquo;<span class=\"screen-reader-text\">Informationen<\/span><\/a><\/p>\n","protected":false},"author":1,"featured_media":0,"parent":0,"menu_order":0,"comment_status":"closed","ping_status":"closed","template":"","meta":{"neve_meta_sidebar":"","neve_meta_container":"contained","neve_meta_enable_content_width":"off","neve_meta_content_width":100,"neve_meta_title_alignment":"","neve_meta_author_avatar":"","neve_post_elements_order":"","neve_meta_disable_header":"","neve_meta_disable_footer":"","neve_meta_disable_title":"on","footnotes":""},"class_list":["post-46","page","type-page","status-publish","hentry"],"_links":{"self":[{"href":"https:\/\/skil.lu\/index.php?rest_route=\/wp\/v2\/pages\/46","targetHints":{"allow":["GET"]}}],"collection":[{"href":"https:\/\/skil.lu\/index.php?rest_route=\/wp\/v2\/pages"}],"about":[{"href":"https:\/\/skil.lu\/index.php?rest_route=\/wp\/v2\/types\/page"}],"author":[{"embeddable":true,"href":"https:\/\/skil.lu\/index.php?rest_route=\/wp\/v2\/users\/1"}],"replies":[{"embeddable":true,"href":"https:\/\/skil.lu\/index.php?rest_route=%2Fwp%2Fv2%2Fcomments&post=46"}],"version-history":[{"count":72,"href":"https:\/\/skil.lu\/index.php?rest_route=\/wp\/v2\/pages\/46\/revisions"}],"predecessor-version":[{"id":753,"href":"https:\/\/skil.lu\/index.php?rest_route=\/wp\/v2\/pages\/46\/revisions\/753"}],"wp:attachment":[{"href":"https:\/\/skil.lu\/index.php?rest_route=%2Fwp%2Fv2%2Fmedia&parent=46"}],"curies":[{"name":"wp","href":"https:\/\/api.w.org\/{rel}","templated":true}]}}